- -2) + -5)?
-5
What is -12 + 11 + 1 + -5?
-5
What is the value of 2 + 4 - (-1 + (5 - -5))?
-3
What is -1 + (2 - 9 - -3)?
-5
Evaluate 1 - -4 - ((11 - 0) + -11).
5
What is the value of (-10 + 5 - -5) + 1 + -6?
-5
Calculate (1 - (-6 - -6)) + (-6 - 1).
-6
Evaluate 3 - (6 + (2 - 6)).
1
What is the value of -11 + 15 - 6 - (1 - 3)?
0
Calculate -7 + -8 + 5 + 5.
-5
Calculate -13 - (-6 - (2 + 0 + -3)).
-8
Evaluate -2 + -3 + 1 - (5 - 6).
-3
What is -1 + 0 + (-6 - -2 - -2)?
-3
What is the value of -1 + -3 + 0 + 2 + 0?
-2
Evaluate -8 + -5 + -2 + 17.
2
What is (-3 - -2) + -2 + 2 + 1?
0
Evaluate 5 + 2 + (1 - 2) + -1.
5
Calculate 10 + -7 + 0 + -8 + 6.
1
What is -1 - (-9 - (2 + -7))?
3
Evaluate (-2 - -5) + (5 - (4 + 3)).
1
-3 + 0 + 5 + -5
-3
(4 - (6 + 6 + -4)) + 1
-3
Evaluate 5 - (-4 - (1 - (1 - -3))).
6
Evaluate 9 - (2 - (0 + -9)).
-2
What is the value of -8 - (2 + -2 - 3)?
-5
What is the value of (-23 - -14) + (1 - -10)?
2
What is the value of (4 - -2) + 5 + (6 - 11)?
6
What is the value of (-2 - 3) + 1 + 3 + 1?
0
What is (0 - -14) + -17 + 10?
7
Calculate 2 - (2 - (5 - -3)).
8
What is the value of 10 - 5 - 3 - -2?
4
6 - (4 + (2 + -4 - 0))
4
What is 3 + -1 - (-6 + 1 + 2)?
5
What is (6 - 0) + -7 + 5?
4
What is 8 + 0 + -9 + (1 - -3)?
3
Calculate -7 + (0 - -9) - 1 - 8.
-7
What is 1 + (2 + 2 + -4 - 3)?
-2
5 - (3 - (8 - 14))
-4
(8 - 10) + 8 + -9
-3
What is -5 - -9 - (6 + -2)?
0
What is (5 - 3) + 0 + -1 - -4?
5
-5 - (-22 - -15 - (0 - -2))
4
Evaluate 1 - 2 - (-6 + 0 - -2).
3
Calculate 2 + (-4 - -2 - 3) - -5.
2
((5 - 13) + 12 - 5) + -4
-5
What is 5 - 2 - 4 - -5?
4
Evaluate -2 + 9 + -3 + 0.
4
Evaluate (-21 - -13) + -3 + 7 + 2.
-2
Evaluate (-2 - 1 - -1) + (163 - 166).
-5
What is the value of 11 + (11 + -4 - 16)?
2
Evaluate 6 + (-2 + -10 - -7).
1
Evaluate 2 - (13 + (-4 - 3)) - 7.
-11
Evaluate (-2 + -3 - 3) + 5.
-3
5 - (-6 + 6 + 2)
3
14 + -12 + 11 + -4
9
What is the value of -13 + (-1 - -1 - -6)?
-7
What is the value of 6 - 1 - (34 + -32)?
3
What is (0 - -2) + -1 + 2 - -2?
5
Evaluate -3 + 0 + 1 - (0 + -2).
0
What is -5 - (0 + -5) - -3?
3
Calculate -1 + 4 + (-12 - -5 - -8).
4
What is the value of (-54 - -58) + 0 + -7?
-3
What is the value of 0 - (-6 + 0 + 2)?
4
What is -9 + (-14 - -10 - -17)?
4
Evaluate 2 + (-3 - (8 - 1)).
-8
Evaluate -8 - (0 - (-2 + 8)).
-2
-4 + -4 + 5 + 4
1
What is the value of 1 + (1 + -4 - (1 + -6))?
3
What is the value of 4 + (2 - 1 - (15 - 13))?
3
What is the value of -3 + ((0 - -2) + 2 - 1)?
0
What is the value of -3 + 2 - ((-3 - -1) + 3)?
-2
Evaluate 9 + -1 - -3 - 15.
-4
Evaluate 2 - (2 + 4) - 0.
-4
Calculate 8 + -21 + 4 + (2 - -2).
-5
Evaluate 5 + (1 - 2 - 5 - -3).
2
What is -3 - -3 - (-1 - -3)?
-2
(-1 - (-9 + 14)) + (11 - -2)
7
Calculate 1 + 5 + (17 + -9 - 10).
4
What is (-6 + 2 - 0 - 3) + 6?
-1
What is the value of 3 + (8 + -19 - -1)?
-7
Calculate -38 + 38 + 0 + -1.
-1
What is the value of 0 + (-3 - (3 + (7 - 3)))?
-10
What is -4 + 1 + 6 - -1?
4
Calculate -1 + -5 + 5 + 0.
-1
Evaluate (4 - -1) + -9 - (-1 - 1).
-2
Evaluate (5 - 6) + -6 - -9.
2
Evaluate 3 - (3 - (-2 - -6 - -2)).
6
Evaluate -3 - (-1 + -2) - (3 - 6).
3
What is -1 + 3 + (-21 - -14) - -9?
4
Calculate 9 - (-11 + 8 + 6).
6
Calculate 0 + -1 - (-4 + 5).
-2
What is the value of 3 + 1 - (125 + -113)?
-8
Calculate -2 + -5 - (0 - (0 + 3)).
-4
What is the value of (1 - (2 + 2)) + (-1 - -2)?
-2
Calculate 1 - -3 - (-4 + 2).
6
Evaluate (15 - (26 - 0)) + 8.
-3
What is 4 - (-11 - -27 - 8)?
-4
0 + -3 + 8 + -4
1
What is the value of 2 - (9 + 4 - 6)?
-5
Calculate 6 + (-10 - -6) + (2 - 2).
2
What is the value of (-1 - 0) + (-3 - (-5 - 1))?
2
-5 + (0 + 6 - 2)
-1
What is the value of 2 + 15 + -18 + (5 - 1)?
3
Evaluate 7 + 4 - 10 - 10.
-9
What is -1 - 2 - ((1 - 0) + -5)?
1
Evaluate -1 - 6 - (-77 + 74).
-4
Calculate -14 + 11 + (1 - -7 - 0).
5
What is the value of 0 + 0 + -6 + 10?
4
Evaluate (0 - (0 - 2)) + 3.
5
What is the value of 6 - (-6 + 9 + -2)?
5
What is -5 + -8 + 5 + 6?
-2
3 - 4 - (-2 - (-6 + 1))
-4
Evaluate -7 + 10 - -3 - -1.
7
What is the value of 1 - (4 + (-5 - -3) + -1)?
0
Calculate (1 - 1) + (0 - (1 - 2)).
1
Calculate -3 + 5 + -2 + -1.
-1
What is -7 + (-11 - -6 - (-5 + 1))?
-8
What is 21 - (12 + -2) - 6?
5
What is -20 + 18 + (-4 - -3)?
-3
What is the value of -9 + (-6 + 2 - -12) + -4?
-5
Evaluate -6 + (8 - 0) + 1.
3
What is (-2 - 4 - 0) + 1?
-5
2 + 3 + (-12 - (0 + -3))
-4
Calculate (2 - (1 + -2)) + (-3 - -4).
4
Evaluate 0 - -9 - (-3 + 9 + -2).
5
Evaluate -4 - (-1 - (8 + 1)).
6
What is 1 + (-2 - 11) + 11?
-1
Calculate (3 - 1) + -3 + (-37 - -32).
-6
What is 0 - (2 - 0 - (2 - -3))?
3
2 + -4 + 1 - -3
2
Evaluate 3 - -8 - (-2 - -15).
-2
4 + (3 + -10 - 2)
-5
Evaluate (-1 - 5) + -1 + 3.
-4
What is -3 - ((3 - 0 - 4) + -1)?
-1
Calculate -3 + 13 - (-11 - -4 - -12).
5
What is -14 + 31 + -11 - (-1 + -1)?
8
Calculate 4 - (1 - -8 - (5 - 1)).
-1
What is the value of (2 - 6) + 22 + -18?
0
Evaluate -3 + 1 + 4 + 6.
8
What is (2 - (5 + -3 - 7)) + -4?
3
What is 4 - 1 - (-27 + 29)?
1
What is -25 + (27 + -11 - 2)?
-11
What is the value of 13 - 3 - (-2 - 2) - 7?
7
What is the value of 17 - (5 - 0) - (-3 + 6)?
9
Evaluate -13 + (7 + -1 - -1).
-6
What is the value of (-2 + 0 - -2) + (19 - 21)?
-2
What is the value of (12 - (3 + 3)) + -3 - -2?
5
Calculate 3 + (0 - -5) + -4.
4
Calculate 7 + (-5 + 7 - 5).
4
(7 - 6) + 8 + -16
-7
What is the value of -107 - -119 - (-1 - -22)?
-9
What is the value of -4 + 13 + -14 + -2?
-7
3 - (-3 + -2 + 2)
6
What is -8 + (3 - -4) + 0?
-1
What is 1 - -3 - (0 + 4) - 5?
-5
What is -8 - (8 + -9 - 4)?
-3
What is the value of -5 - -3 - (-2 - (0 + 1))?
1
Evaluate -2 + -14 + 7 - (0 - 3).
-6
3 - (-4 - -4 - -2) - 5
-4
What is the value of -1 - (-2 - -1) - (3 - -1)?
-4
What is the value of 4 - ((-3 - (5 - 5)) + 2)?
5
3 + -4 + 6 + -1
4
Calculate 1 - (3 + 4 - 2) - -7.
3
What is the value of -2 - (-3 + -5 + 6)?
0
2 + -9 - 0 - -2
-5
Calculate 5 + -8 + 3 - -6.
6
What is the value of (1 - 1) + (-16 - (2 - 10))?
-8
Evaluate 6 - (-1 - (-7 + -6)).
-6
(5 - 3) + 2 + -8
-4
Evaluate 9 + -8 + 9 + -5.
5
Evaluate (-7 - -6) + -8 - -9.
0
What is the value of -11 - -8 - (2 - 5)?
0
Evaluate (-175 - -175) + (-9 - 1).
-10
What is the value of 4 + (-3 - -1 - -2)?
4
What is 4 - (-6 - -17 - 5)?
-2
5 + 0 - (1 + 7)
-3
What is (-2 - -2) + -3 + 3 + -1?
-1
What is the value of 3 + -2 + -10 - -6 - -2?
-1
90 + -96 - (0 + -9 + 0)
3
Evaluate 2 - (-8 + 7) - (1 + -1).
3
What is the value of 6 - (-3 - -2 - 1 - -7)?
1
Evaluate (2 - -1 - (-13 + 12)) + -1.
3
Calculate -17 - (1 - 20) - (4 - -1).
-3
What is 2 - 1 - ((0 - -2) + -5)?
4
Calculate -8 + 3 - (-3 + -1 + -6).
5
(6 - 5) + -5 + -2 + 14
8
Calculate 1 - 1 - (-6 + 0 + 2).
4
-1 + -3 + 1 + -4 + 10
3
Calculate 7 + (0 - 1) - 2.
4
What is the value of (1 - 0) + (-1 - 5 - -2)?
-3
Evaluate 0 - (-5 + (3 - (6 + -1))).
7
Evaluate -19 + 7 - -24 - (1 + 6).
5
What is -7 + 7 + -2 + 4 - -3?
5
What is the value of -5 + (-4 - -8) - (-4 + 0)?
3
(3 - 1) + (-50 - -52)
4
Evaluate 1 - 6 - -1 - -4.
0
Evaluate -5 - (4 + 1) - -4.
-6
What is -2 - -1 - (2 - 3)?
0
Evaluate 6 + (18 + -21 - (-4 - -1)).
6
What is (-6 - -1) + 6 + -1 - 2?
-2
Calculate 21 + -9 + -9 - -6.
9
Calculate -5 - 2 - (-7 + 5).
-5
Evaluate -1 + -4 + 4 - -5.
4
What is the value of -26 - -32 - (-1 - -3)?
4
What is 1 + 1 - (3 + -2)?
1
What is 5 + (-11 + 4 - -3)?
1
What is the value of -1 - (-4 + 7 - -4)?
-8
Calculate -4 - (8 + -1 - 12).
1
Calculate (15 + -27 - (-6 - 0)) + 4.
-2
-9 + 12 - -1 - (1 + 5)
-2
What is 6 + 0 + 11 - (0 + 8)?
9
Evaluate 1 + (2 - 1) - 4.
-2
What is -4 + (0 - (-7 - -4)) + 3?
2
What is 4 + -12 + -3 + -4 + 7?
-8
Evaluate -6 + 9 - (4 - 3).
2
Evaluate (-1 - 8) + 5 + -2 - -6.
0
Calculate -3 - -1 - -3 - (1 + -1).
1
Evaluate 0 + -4 - (21 + 27 + -45).
-7
Evaluate 2 + (2 - (7 + -3 + 1)).
-1
What is the value of 6 + (-7 - -1) + -1 + 6?
5
Evaluate 1 - (0 - (3 - 1)).
3
What is 5 + -10 + (6 - (3 - 2))?
0
0 + 3 - (32 + -36)
7
What is the value of 7 + -3 - (-3 - (7 - 5))?
9
Evaluate 6 + 0 + (-4 - -4).
6
What is -7 + 2 + 3 - (-1 - 0)?
-1
Evaluate (-1 - 6 - -4) + 10.
7
What is (-4 - (5 + (3 - 14))) + -2?
0
What is -2 - (1 + 1 + 0 + -1)?
-3
What is 7 + (-4 - 5) - -3 - 4?
-3
What is the value of 4 - (0 - (-3 - 5))?
-4
Calculate 3 - (5 - (7 - 3)).
2
Evaluate 1 - (2 + 0 + -5).
4
-2 + 6 - (3 + -4 - -7)
-2
Evaluate -2 - (2 + -5 + -5).
6
Evaluate 0 